 greatest common divisor of 470146 and 93?
31
Calculate the highest common factor of 11454 and 23046.
138
What is the greatest common factor of 2308787 and 2418?
403
Calculate the highest common factor of 884 and 15164.
68
What is the greatest common divisor of 2330 and 3210?
10
What is the highest common divisor of 65 and 414180?
65
Calculate the greatest common divisor of 74657 and 5687.
121
Calculate the greatest common factor of 1897 and 64227.
271
Calculate the highest common factor of 12897 and 22928.
1433
Calculate the greatest common factor of 1251 and 8292462.
417
Calculate the highest common divisor of 860 and 8256.
172
Calculate the highest common factor of 145772 and 132.
44
What is the highest common divisor of 4015 and 8635?
55
What is the greatest common divisor of 5289 and 90897?
123
What is the greatest common factor of 16 and 11098?
2
Calculate the greatest common factor of 32166 and 9.
9
Calculate the highest common divisor of 473718 and 222.
6
Calculate the highest common factor of 168 and 845418.
42
What is the highest common factor of 39144 and 840?
168
What is the greatest common factor of 330 and 1073490?
330
What is the greatest common factor of 220741 and 1819?
107
What is the highest common divisor of 919971 and 36?
9
What is the greatest common factor of 861 and 7203?
21
What is the greatest common divisor of 112 and 237356?
28
Calculate the highest common factor of 399 and 3458.
133
Calculate the greatest common factor of 26736 and 1776.
48
What is the greatest common factor of 381 and 563880?
381
Calculate the greatest common divisor of 189 and 177849.
189
Calculate the greatest common divisor of 20852 and 884.
52
Calculate the highest common factor of 253 and 44344.
23
Calculate the greatest common factor of 24 and 1756.
4
What is the highest common divisor of 45 and 10435?
5
Calculate the highest common factor of 1124 and 10959.
281
What is the highest common divisor of 311536 and 2?
2
Calculate the highest common divisor of 4862 and 48178.
442
Calculate the highest common divisor of 701385 and 75.
15
Calculate the highest common factor of 5591940 and 60.
60
What is the greatest common divisor of 22 and 3912?
2
Calculate the greatest common factor of 6538 and 1792.
14
What is the greatest common divisor of 14147500 and 1250?
1250
What is the highest common divisor of 93554 and 116?
58
What is the highest common factor of 245 and 80?
5
Calculate the greatest common factor of 66 and 122010.
6
What is the highest common divisor of 5357 and 1441?
11
What is the highest common divisor of 1892 and 7436?
44
What is the highest common factor of 1278909 and 1215?
243
Calculate the greatest common factor of 40 and 392440.
40
What is the highest common divisor of 24048 and 7776?
144
What is the greatest common factor of 1290 and 3708105?
645
What is the highest common factor of 896 and 77252?
28
What is the greatest common factor of 2037 and 582?
291
What is the greatest common factor of 432 and 10224?
144
What is the highest common divisor of 85 and 2185?
5
Calculate the greatest common divisor of 11 and 11297.
11
What is the greatest common divisor of 4358750 and 1268?
634
Calculate the highest common divisor of 203955 and 75.
15
What is the greatest common factor of 1341 and 238251?
447
What is the greatest common divisor of 16207 and 2717?
19
Calculate the greatest common factor of 118652 and 4.
4
What is the highest common factor of 752927 and 4060?
203
Calculate the highest common divisor of 2496 and 15.
3
What is the greatest common factor of 19 and 41857?
19
Calculate the greatest common factor of 11 and 1507.
11
What is the greatest common divisor of 2136 and 8760?
24
Calculate the highest common divisor of 224 and 340816.
112
Calculate the greatest common divisor of 119601 and 6.
3
What is the highest common factor of 1067 and 6298501?
1067
What is the greatest common factor of 78 and 16718?
26
Calculate the greatest common factor of 1558 and 26855.
41
Calculate the greatest common factor of 7336 and 33929.
917
What is the highest common factor of 104 and 496808?
104
Calculate the greatest common factor of 345558 and 18.
6
Calculate the highest common factor of 20 and 81350.
10
What is the highest common divisor of 61776 and 155628?
1188
Calculate the highest common divisor of 66331 and 113.
113
Calculate the highest common factor of 11089022 and 28.
14
Calculate the greatest common divisor of 2064 and 6278.
86
Calculate the greatest common divisor of 113633 and 1248.
13
Calculate the greatest common factor of 2349 and 5.
1
Calculate the highest common factor of 251875 and 4375.
625
What is the greatest common divisor of 26642 and 7392?
154
What is the highest common divisor of 34 and 162571?
17
What is the greatest common divisor of 165 and 698665?
55
Calculate the highest common factor of 1175 and 297425.
25
What is the greatest common factor of 3634 and 147256?
158
What is the greatest common divisor of 56936 and 275?
11
What is the greatest common factor of 1404 and 20736?
108
Calculate the greatest common factor of 24 and 3368.
8
Calculate the highest common factor of 36 and 21771.
9
Calculate the greatest common factor of 191349 and 1026.
513
What is the highest common divisor of 308 and 42?
14
Calculate the greatest common divisor of 2959 and 39543.
269
What is the highest common factor of 965 and 8745?
5
Calculate the greatest common factor of 29296 and 64.
16
What is the greatest common factor of 54295 and 10?
5
Calculate the greatest common factor of 7287 and 105.
21
What is the highest common factor of 2041 and 43175?
157
What is the greatest common factor of 9309 and 68904?
87
What is the greatest common factor of 12322 and 610?
122
Calculate the highest common divisor of 1894917 and 1461.
1461
Calculate the greatest common factor of 200 and 39960.
40
What is the highest common factor of 48 and 225684?
12
Calculate the greatest common factor of 188375 and 11.
11
What is the greatest common factor of 392412 and 90699?
1851
Calculate the greatest common divisor of 26215 and 66875.
535
What is the highest common divisor of 312 and 239928?
312
Calculate the highest common divisor of 1881 and 836.
209
Calculate the highest common divisor of 9080 and 1200.
40
What is the highest common factor of 10124496 and 144?
144
What is the highest common factor of 60250 and 250?
250
Calculate the greatest common factor of 9824 and 480.
32
Calculate the greatest common divisor of 845 and 17.
1
Calculate the greatest common factor of 469 and 39305.
7
Calculate the highest common divisor of 5970 and 10110.
30
What is the highest common divisor of 667 and 151409?
667
Calculate the highest common divisor of 4766322 and 3084.
1542
What is the highest common factor of 1711 and 116?
29
What is the highest common factor of 9523 and 749?
107
What is the highest common divisor of 348 and 334428?
348
What is the highest common factor of 146410 and 2178?
242
Calculate the highest common factor of 16068 and 593280.
1236
Calculate the greatest common factor of 280 and 9060.
20
Calculate the highest common factor of 6 and 22998.
6
Calculate the greatest common factor of 4 and 53081.
1
What is the greatest common factor of 115 and 473087?
23
Calculate the greatest common factor of 2343972 and 744.
372
Calculate the greatest common divisor of 1734080 and 280.
40
Calculate the greatest common divisor of 188 and 209949.
47
What is the highest common factor of 189176 and 221?
221
Calculate the highest common factor of 500 and 14750.
250
Calculate the greatest common factor of 107940 and 195.
15
Calculate the highest common divisor of 756 and 19054.
14
Calculate the greatest common divisor of 11162 and 16.
2
What is the highest common divisor of 1403 and 976?
61
What is the greatest common factor of 135 and 384?
3
What is the greatest common divisor of 702 and 12123?
27
Calculate the highest common divisor of 1740 and 65830.
290
What is the greatest common divisor of 242755 and 235?
235
Calculate the greatest common divisor of 814 and 3.
1
Calculate the greatest common divisor of 33408 and 69.
3
Calculate the greatest common factor of 39312 and 5436.
36
Calculate the greatest common factor of 162004 and 16564.
404
What is the highest 